t p(g) = 106*g**2 - 928*g + 19. What are the prime factors of p(11)?
3, 293
Let x(r) be the first derivative of 85*r**4/4 - 7*r**3/3 + 15*r**2/2 - 5*r - 114. List the prime factors of x(2).
677
Let m(r) = -r**2 - 5*r + 12. Let u(t) = -t**2 - 5*t + 11. Let b(z) = 2*m(z) - 3*u(z). Let o be b(-8). Let a = o - 13. What are the prime factors of a?
2
Let p(r) = -2*r**3 - 14*r**2 - 7*r + 27. Let s be p(-6). What are the prime factors of (2 - -3) + 3/(s/(-169))?
2, 3, 29
Let f = -1552 + 4170. What are the prime factors of f?
2, 7, 11, 17
Suppose 0 = 4*l + 3*t - 54043 - 92226, 621608 = 17*l + t. What are the prime factors of l?
5, 71, 103
What are the prime factors of ((-7865)/20)/13*-308?
7, 11
Let t(v) = 5*v - 40. Let x be t(9). Suppose 0 = x*p + 148 - 68. Let q = 200 + p. What are the prime factors of q?
2, 23
Let x = 204 + -93. Suppose 0*s = -2*s + 116. Let z = x - s. What are the prime factors of z?
53
Let t(y) = -4*y - 17. Let h be t(-8). Suppose 25*d - 1590 = h*d. Suppose -5*a + 700 = 3*c, -2*a - d - 67 = -c. List the prime factors of c.
2, 5, 23
Let a(b) = 12*b + 156. Let j be a(17). Suppose 8*w - 6920 = -j. List the prime factors of w.
2, 5, 41
Let y(d) be the third derivative of d**4/24 + 29*d**3/6 + 4*d**2. Suppose -3*r - 31 = -2*f, -r - 2 = -2*f + 3. What are the prime factors of y(r)?
2
Let j(s) = 32*s + 12. Let y = 333 + -329. What are the prime factors of j(y)?
2, 5, 7
Let g be -3 + 3/1*-2. Let y(o) = -328 + 105 + 107 - 17*o + 108. List the prime factors of y(g).
5, 29
Suppose -2*n + 12657 = n + 5*z, -4*z = -12. What are the prime factors of n?
2, 7, 43
Let n(b) = -11*b**2 + 2*b + 0*b + 5 + b**3 + 9. Suppose -13*g = -171 + 28. What are the prime factors of n(g)?
2, 3
Let d = 27485 - 7905. List the prime factors of d.
2, 5, 11, 89
Suppose 0 = -13*l + 10*l + 21. List the prime factors of (-626)/(-10) - ((-64)/10 + l).
2, 31
Let m(b) = -5*b + 173. Let r be (-18 - -17) + 2 + (-7 - -2). List the prime factors of m(r).
193
Suppose 23 = 26*f - 55. Suppose f*x = -2*x + 2250. What are the prime factors of x?
2, 3, 5
Suppose 97*v + 141078 = 104*v. What are the prime factors of v?
2, 3, 3359
Let s = -19 + 9. Let q = 10 + s. Suppose -5*w + 397 = y, 3*w - y - 226 - 17 = q. List the prime factors of w.
2, 5
Suppose 0 = 21*j - 131547 - 9573. What are the prime factors of j?
2, 3, 5, 7
Let h(f) = f**2 - f - 32. Let m be h(-19). Let w = -249 + m. What are the prime factors of w?
3, 11
Suppose 86333 = 27*z - 101724 + 9587. List the prime factors of z.
2, 5, 661
Let o(j) be the third derivative of j**6/120 - j**4/4 + j**3/3 + 2*j**2 - 12*j. List the prime factors of o(5).
97
What are the prime factors of (-19607*(-3)/105)/((54/(-750))/(-9))?
5, 2801
Let f(o) = 45*o**2 + 63*o + 31. What are the prime factors of f(-12)?
5, 1151
Let n(w) = 16*w**2 + 10*w - 29. Suppose 0 = 4*z, -4*z = -v + 2 + 1. List the prime factors of n(v).
5, 29
Let n(l) = -l**3 + 6*l**2. Let b be n(6). Suppose -6*j + b*j + 2148 = 0. Let f = -240 + j. List the prime factors of f.
2, 59
Let w(q) = 29 + 0 + 77*q**2 - 30*q - 78*q**2. Let d be w(-18). Suppose -1655 = -10*a - d. List the prime factors of a.
3, 47
Let a(k) = 2*k**2 - 27*k + 27. Suppose 80 = 3*u - 4*w, u + 3*w = -w + 32. List the prime factors of a(u).
839
Let s(u) be the first derivative of -3/2*u**2 + 7/3*u**3 - 18*u - 14. What are the prime factors of s(5)?
2, 71
Let i be (-275)/45 + (-4)/(-36). Let g be (-4)/i*1*(-84)/8. What are the prime factors of (-24434)/(-133) - (-1 + (-5)/g)?
2, 23
Let f = -83 - -103. Let a be (-1)/(-2) - (-10)/f. What are the prime factors of a*91 + 1 + -5?
3, 29
Suppose r - 1297 = -5*b + 8253, 28594 = 3*r + b. List the prime factors of r.
2, 5, 953
List the prime factors of 72/(-30) + 2 + (-98774)/(-10) + 5.
2, 3, 61
Let r = 169 + -163. Suppose r*x - 570 = 1518. What are the prime factors of x?
2, 3, 29
Suppose -5*w + 80 = 5*l, -2*w = 4*l - 3*w - 89. Let b = l + 65. List the prime factors of b.
2, 43
Let q = 3327 - 3094. What are the prime factors of q?
233
Let x = 42593 + -28698. List the prime factors of x.
5, 7, 397
Let a(z) = 14 + 18 + 14*z**2 - 5 + 38*z - 16*z**2. What are the prime factors of a(18)?
3, 7
Suppose -4*x + 7*x = 174. Suppose j = -c - x - 4, 2*c + 10 = 0. Let m = 119 + j. List the prime factors of m.
2, 31
Suppose 0 = 4*o + i - 1046, -4*o - 345 = -3*i - 1415. Let p be 8/(-6)*(-105)/(-2). Let q = o + p. What are the prime factors of q?
193
Let n(x) = -7*x - 3. Let t = -75 - -80. Let q be n(t). List the prime factors of 3/4*q*64/(-12).
2, 19
Suppose -5*f + 34620 = -5915. List the prime factors of f.
11, 67
Suppose 17*b = 56388 + 40053. What are the prime factors of b?
3, 31, 61
Let b be 70*(-4 + 1/2). Let z = b + 641. List the prime factors of z.
2, 3, 11
Let k(o) = 2*o**2 + 77*o - 158. What are the prime factors of k(25)?
7, 431
Let y(p) = -2*p**2 - 23*p + 16. Let a be y(-12). Suppose 16 = -a*v, 530 = -i + 3*i - 4*v. List the prime factors of i.
257
Let v be (9*3)/((-26)/(-4) - 8). What are the prime factors of (-28272)/279*(v/8 - 0)?
2, 3, 19
Let v(m) = -621*m - 795. List the prime factors of v(-19).
2, 3, 7, 131
Suppose -29*a + 25*a = -1780. Suppose 2545 = 7*z + a. List the prime factors of z.
2, 3, 5
Suppose 0 = -2*c + 7 - 1, -2*c = -3*t + 39. Let i = t - 8. Let y(h) = h**3 - 8*h**2 + 9*h + 4. What are the prime factors of y(i)?
2, 3
Suppose 20 = 2*t + 5*i, -3*i = 5*t + i - 16. Suppose t = -11*j - 192 + 1083. Let f = j + -78. What are the prime factors of f?
3
Suppose -9*m = -141 + 78. Suppose 0 = -m*d + 1594 + 1759. List the prime factors of d.
479
Let c(p) = 13*p**2 + 21*p - 86. Let b be c(5). Let m be (0 + (-17)/2)*-2. Suppose -19*a + m*a = -b. List the prime factors of a.
2, 43
Let a be (6/(-9))/(10/(-8025)). Suppose -1880 = -23*h + a. What are the prime factors of h?
3, 5, 7
Let k be 5 + (-5)/(2/2). List the prime factors of k - -403 - (-24 + 29).
2, 199
Suppose -8*y - 10*y + 911327 + 84379 = 0. List the prime factors of y.
3, 18439
Suppose 1974 = 5*q - 11*q. Let z = 1277 + q. Suppose -z = -6*p - 0*p. List the prime factors of p.
2, 79
Let n be (3 + 0)*(-3)/(1 + -4). Suppose 2*j - 5*x = 997, -2*j + x = -n*j + 509. List the prime factors of j.
2, 11, 23
What are the prime factors of 18282 - (20 - 6 - 1)?
18269
Let j(v) = -12*v**3 + 2*v**2 - 3*v - 6. Let i(q) = -q - 1. Let h(m) = 6*i(m) - j(m). List the prime factors of h(3).
3, 11
Let b = 282 + -194. Suppose -89*r + b*r = -537. List the prime factors of r.
3, 179
Let l = -3 + 5. Let h(c) be the third derivative of 5*c**4/24 - c**3/6 - 15*c**2. What are the prime factors of h(l)?
3
Let j = 16667 + -8411. List the prime factors of j.
2, 3, 43
Suppose 0 = -5*g + 65. Suppose g*f - 2*f = 4312. Let d = f - 279. List the prime factors of d.
113
Let o(q) = -q**3 + 50*q**2 - 64*q - 184. What are the prime factors of o(43)?
10007
Suppose 14*f - 13288 = -8*f. Let w = 1484 - f. List the prime factors of w.
2, 5, 11
Let y(h) = -531*h - 851. What are the prime factors of y(-8)?
43, 79
Let o(b) = 14*b**3 - 37*b**2 - 27*b - 17. Let a(c) = -5*c**3 + 13*c**2 + 9*c + 6. Let u(t) = 17*a(t) + 6*o(t). List the prime factors of u(-9).
3
Let l = 161417 + -112977. List the prime factors of l.
2, 5, 7, 173
Let a = 12654 + -5553. What are the prime factors of a?
3, 263
Let a = 73 + -70. Suppose -4*d = -a*d - 2*v + 332, 2*d + 3*v + 629 = 0. Let k = d - -484. List the prime factors of k.
2, 3
Suppose -b = 13*x + 6*x - 515388, 135636 = 5*x - b. List the prime factors of x.
2, 3, 11, 137
Let b = -18552 - -45399. What are the prime factors of b?
3, 19, 157
Let j(k) = 28*k + 1. Let y be j(-5). Let r = y + 246. What are the prime factors of r?
107
Let p be 7/(-3)*60/4*-74. Suppose p = 2*u - 5*r - 1060, -5*r = -4*u + 7280. What are the prime factors of u?
3, 5, 11
Suppose 0 = 5*a + 2*g - 62, -9*a + 4*g + 56 = -4*a. Suppose -2*f - 2260 = -a*f. List the prime factors of f.
2, 113
Let z(g) = 2*g**3 + 3*g**2 - 24*g + 304. What are the prime factors of z(13)?
3, 7, 233
Let x(p) = 3*p**2 - 4*p + 4. Let l = -6 - -3. Let w be (-5)/(60/16)*l. What are the prime factors of x(w)?
2, 3
Suppose 5*c - 12*c = -511. Let s = c - 70. Suppose u + 143 = i, -s*i + u = -7*i + 557. What are the prime factors of i?
2, 5, 7
Let x = 433 + 13. Let r = x + -178. List the prime facto